r?
True
Is (2/6)/((-5)/(-465)) a composite number?
False
Suppose -3*w + 39 = -6*w. Is (w/(-3))/((-3)/(-45)) a composite number?
True
Suppose k = 2*a - 2, 0 = -a - 5*k - 2 + 14. Let z(o) = -o**3 + 7*o**2 - 8*o + 6. Let x be z(6). Is (-10)/(a/x*2) a composite number?
True
Let s be (-84)/(-20) - (-1)/(-5). Suppose -s*b + 200 = -0*b. Is (b/(-6))/(4/(-12)) composite?
True
Suppose -s = 2*s + 6. Let c be 237 - -3*(-1 - s). Suppose v = -2*v - x + c, -404 = -5*v - 3*x. Is v prime?
True
Let o be 35/5 + (-3 - 0). Let n = o + -2. Suppose 5*p + 4*u - 151 - 60 = 0, -187 = -5*p + n*u. Is p prime?
False
Suppose -359 = 5*a - 39. Let h = 138 + a. Suppose z = -4*b + 57 - 0, -h = -5*b - 4*z. Is b composite?
True
Suppose -3*a = -6*a + 9. Let q(y) = 11*y**2 - 5*y - 4. Let p be q(-6). Suppose 5*s + t = -0*t + 750, 5*t + p = a*s. Is s a composite number?
False
Is (2/4)/((-2)/(-776)) a prime number?
False
Let g(w) = 8*w**3 + 2*w**2 + w + 7. Let a(h) = 8*h**3 + 2*h**2 + h + 6. Let t(f) = -7*a(f) + 6*g(f). Let j be -2 + 0 + (-2)/(-2). Is t(j) a composite number?
False
Let z be 0 + (200 - (2 - 2)). Suppose -5*a + 145 = -z. Is a prime?
False
Let a = 17 + 3. Let d = a - 6. Suppose 3*c + d - 47 = 0. Is c composite?
False
Suppose -2*h - l = -662, -9*l = 4*h - 11*l - 1332. Let f be 5*(1*-1)/(-1). Suppose -386 = -5*m - d, -4*m - f*d = -h + 19. Is m composite?
True
Let r(t) = -t**3 + 10*t**2 + 12*t + 8. Let g(b) = b**2 - 1. Let u(f) = -2*g(f) + r(f). Is u(9) composite?
False
Let y(x) = -x**3 - x**2 - 1. Let v be y(-2). Suppose -184 = -2*n - 3*a, n - a + v*a - 93 = 0. Is n a prime number?
True
Let m = 1979 - 1120. Is m composite?
False
Let m = 229 + -150. Is m composite?
False
Let q(l) be the second derivative of 2*l**3 - l**2/2 - 3*l. Is q(3) composite?
True
Let l = 242 - 635. Is ((-2)/3)/(2/l) a composite number?
False
Let l(j) = j - 8. Let c be l(12). Suppose 2*z - 506 = -2*o - 2*z, -2*z = c. Is o prime?
True
Let j = 23 + -34. Let o = -9 - j. Suppose o*g + 1498 = 4*v, -4*v - 4*g + 415 = -1065. Is v a prime number?
True
Let h(i) = 51*i - 8. Is h(6) a prime number?
False
Let y be (-20)/12 - 1/3. Let f be (332/(-6))/(y/12). Suppose -46 = -z + 3*d + 130, 2*z - 2*d - f = 0. Is z a composite number?
True
Let v(s) = 59*s + 11. Is v(16) prime?
False
Let t = 20812 + -12777. Is t a composite number?
True
Suppose 7*k - 2*k - 1130 = 0. Is k prime?
False
Let f = 186 - 184. Let l(h) be the second derivative of 13*h**5/20 - h**4/6 + h**3/3 - 3*h**2/2 - h. Is l(f) a composite number?
False
Let t be (361 - -3)/(-4)*1. Let v = t - -176. Is v a composite number?
True
Let a(h) = -7*h**2 + 3. Let k be a(3). Let n = k + 107. Is n composite?
False
Let x(d) = d**2 + 8*d - 11. Is x(-11) a composite number?
True
Suppose 2*w + w = 6, 5*w = r - 283. Is r a prime number?
True
Let r(m) = -1 - 4*m + 2 - 1 + m**2 - 2. Is r(6) composite?
True
Let i(u) = u**3 + 9*u**2 - 3*u + 4. Is i(-9) a prime number?
True
Is (-15782)/(-8) + 30/(-40) + 1 composite?
False
Suppose 21*n = 19*n + 430. Is n composite?
True
Let r be 0/1 + 140/2. Suppose 4*o - r - 14 = 0. Is o composite?
True
Is -1*1 + 4 + -6 + 1046 a composite number?
True
Is (-471)/2*(-2)/3 composite?
False
Let s be 6/(-12) + (-1)/2. Let z = -19 - s. Let o = z + 65. Is o prime?
True
Suppose 2*x - g - 902 = g, -3*g = -5*x + 2255. Is x a prime number?
False
Let g = -3 - -6. Let m(x) = -x + 6. Let u be m(4). Suppose -g*r - u*w = -267, 4*r - 178 = 2*r + 5*w. Is r a prime number?
True
Suppose 0 = -4*l + 27 - 7. Suppose 0 = -l*k + 420 - 85. Is k composite?
False
Let v be 4/(-1) + 2 + 130. Let k = 128 - -83. Let a = k - v. Is a prime?
True
Let v(a) = 40*a**2 + 4*a - 8. Let r be v(7). Suppose 0 = 2*z + 2*k - 125 - 679, 5*z = k + r. Is z composite?
False
Let q = 4 + -7. Is 30 + 1 - -3 - q a prime number?
True
Let h = 0 - -3. Let y(l) = l**3 - 9*l**2 - 9*l + 15. Let r be y(10). Suppose -2*g = h*n + 2*n - 49, -5*n - r = 0. Is g composite?
False
Suppose s + 0*j + 4*j - 49 = 0, 5*j + 280 = 4*s. Is s a prime number?
False
Suppose 5 = -5*t + 15. Suppose 75 = 5*d + 5*u - 0, -4*d - t*u + 50 = 0. Is d prime?
False
Let z(m) = -m**3 - 3*m + 7*m**2 + 3 - 4 + 4. Is z(5) prime?
False
Suppose -3*h = -6*h + 789. Is h prime?
True
Suppose 3*i - 45 = -0*i. Let p be (708/i)/((-1)/(-5)). Suppose 3*f = -f + p. Is f a prime number?
True
Let n(q) = -q**3 + 15*q**2 + 17*q - 16. Suppose 0 = -0*c + 3*c - 45. Is n(c) prime?
True
Let r = -111 - -168. Is r composite?
True
Suppose 0 = 5*x - 15, 4*t - 14 = x - 73. Let g = 8 - t. Suppose 2 = 4*u - g. Is u a prime number?
False
Suppose -3*v - 2*q = -3215, 2*v - q - 2144 = -2*q. Is v a composite number?
True
Suppose 12 = -5*m + w, m + w - 6*w + 12 = 0. Let y be 9/(-2) + (-1)/m. Is (-4)/5*290/y composite?
True
Let t(c) = -c**3 + 17*c**2 + c - 6. Is t(7) composite?
False
Is 670/3 - (-1)/(-3) prime?
True
Is ((-145)/4)/((-4)/16) a prime number?
False
Let t = -84 - -199. Suppose 6*v = v + t. Is v a prime number?
True
Suppose 5*y - 652 = y. Is y a prime number?
True
Let d(q) = 106*q - 19. Is d(10) composite?
True
Is (-23653)/(-8) + (-6)/(-16) a composite number?
False
Is ((-15)/(-3))/5 - -144 a composite number?
True
Let z be ((-8)/(-2))/(5 + -3). Suppose 5*k + 171 = z*w, w - k - 112 = -22. Is w a composite number?
True
Suppose 4*b - b = 0. Is (-1)/((-3)/111 - b) a composite number?
False
Let p = -2 + 4. Suppose p*y - 6*y + 812 = 0. Is y prime?
False
Suppose -5*n + 11 = -k + 5*k, 4*k + 3*n = 5. Let c(w) = 23*w**2 + 2*w + 1. Let v be c(k). Suppose -b + v = b. Is b a composite number?
False
Let f(l) be the second derivative of -l**4/12 - 5*l**3/3 - l**2/2 - l. Suppose u - 40 = 6*u. Is f(u) a prime number?
False
Suppose -2*z - z + 33 = 3*d, 2*d - 3*z - 47 = 0. Suppose 4*c + s - 126 = -47, -c = s - d. Is c a composite number?
True
Let f be (-21)/(-9) + 2/(-6). Suppose -2*k - 6 = 4*i - 2, k - i = -5. Is ((-2)/f)/(k/388) composite?
False
Let o(c) = -c**3 + 5*c**2 - 6*c + 1. Let v(f) = 3*f**3 - 11*f**2 + 11*f - 2. Let l(u) = -5*o(u) - 2*v(u). Let s be l(-6). Suppose k - s = -13. Is k prime?
False
Let t = 52 + -8. Let w = -9 + t. Is w composite?
True
Let c be 100/16*(-2 + -2). Let q = 38 + c. Suppose -s + 33 = -q. Is s composite?
True
Suppose 4*u + 9 = 1. Let l be 3065/25 - u/5. Suppose -d = -5*y - 47, l = 3*d + 4*y - 18. Is d prime?
True
Let u(t) be the third derivative of 5/24*t**4 + 1/2*t**3 + 0 - 1/120*t**6 + 0*t**5 + 0*t - t**2. Is u(-3) prime?
False
Suppose -4*s + 25 = -5*o + s, -3*s - 9 = 3*o. Is ((-10)/o)/(2/44) prime?
False
Let p(j) be the third derivative of j**5/60 - j**4/24 + j**2. Let q(r) = -3*r**2 - 3*r - 3. Let c(h) = -4*p(h) - q(h). Is c(4) a composite number?
True
Suppose 0 = -5*g - 11643 + 968. Let l = g + 3670. Suppose -3*h = 2*h - l. Is h composite?
False
Let j be 0 + -1 + 16 - -1. Suppose 4*g = -0*g + 4*s + j, 5*s = -5*g. Suppose -4*o - 5*r = -3*r - 30, g*o - 30 = 4*r. Is o composite?
True
Is 2 - (-2589)/(-6)*-2 composite?
True
Suppose -2*q - 8 = -4*h, 2*h + 4 = 5*h - q. Suppose 0 = -3*r + 2*x + 191, 4*r - 4*x + 3*x - 263 = h. Is r composite?
False
Let y = 39 - 61. Let b be (-4)/y - 48/22. Is (-6)/(-5 - b) - 0 composite?
False
Suppose 0 = 5*d + 4*u - 560, -u - 585 = -d - 4*d. Suppose -l + 48 = -d. Suppose -2*w - c + 111 = 0, 0*c = 3*w - c - l. Is w composite?
True
Let j = 0 + 0. Suppose j*m + 2*m = 4. Suppose 180 = 2*w + m*s - 0*s, -5*w = -5*s - 400. Is w a prime number?
False
Suppose 4*h + 3*z = 1437, -1797 = -5*h - 6*z + 3*z. Let w = h - 245. Is w a prime number?
False
Let a(l) = -l - 2. Let j be a(-5). Suppose o = j*o - 70. Is o a composite number?
True
Let m = -16 + 16. Suppose m = k - 14 - 23. Is k a composite number?
False
Let j = 5445 + -2416. Is j a prime number?
False
Let y = 23 + 32. Let v = 1 + 1. Suppose 0*p - 2*p + 86 = v*z, -2*z - y = -p. Is p a composite number?
False
Suppose 4*u - 281 = -21. Let a = -43 + u. Is a composite?
True
Suppose -207 = -3*l + 156. Is l prime?
False
Let j = -16 + 222. Suppose -a - 3*w + j = -20, -3*a + 658 = 5*w. Is a composite?
False
Is ((-2)/4 - (-94)/4)*11 a prime number?
False
Suppose d + 17 - 52 = 0. Suppose -3*s + d - 2 = 0. Is s a prime number?
True
Suppose -249 = -3*s - y, -2*s - 2*s - 2*y + 332 = 0. Is s composite?
False
Let s(g) = 51*g**2 - 8*g + 4. Is s(3) composite?
False
Let g(q) = -3*q**3 